{"id":713,"date":"2023-02-02T20:13:08","date_gmt":"2023-02-02T19:13:08","guid":{"rendered":"https:\/\/tinabcreation.com\/?page_id=713"},"modified":"2023-03-05T21:52:14","modified_gmt":"2023-03-05T20:52:14","slug":"entretien-du-feutre","status":"publish","type":"page","link":"https:\/\/tinabcreation.com\/index.php\/entretien-du-feutre\/","title":{"rendered":"Entretien du feutre"},"content":{"rendered":"\t\t<div data-elementor-type=\"wp-page\" data-elementor-id=\"713\" class=\"elementor elementor-713\">\n\t\t\t\t\t\t<section class=\"elementor-section elementor-top-section elementor-element elementor-element-fa5039c elementor-section-full_width elementor-section-height-default elementor-section-height-default\" data-id=\"fa5039c\" data-element_type=\"section\">\n\t\t\t\t\t\t<div class=\"elementor-container elementor-column-gap-default\">\n\t\t\t\t\t<div class=\"elementor-column elementor-col-100 elementor-top-column elementor-element elementor-element-9ec5bf5\" data-id=\"9ec5bf5\" data-element_type=\"column\">\n\t\t\t<div class=\"elementor-widget-wrap elementor-element-populated\">\n\t\t\t\t\t\t<div class=\"elementor-element elementor-element-4759854 elementor-widget__width-inherit elementor-widget elementor-widget-image\" data-id=\"4759854\" data-element_type=\"widget\" data-widget_type=\"image.default\">\n\t\t\t\t<div class=\"elementor-widget-container\">\n\t\t\t\t\t\t\t\t\t\t\t\t\t<img fetchpriority=\"high\" decoding=\"async\" width=\"2048\" height=\"1024\" src=\"https:\/\/tinabcreation.com\/wp-content\/uploads\/2023\/02\/4.jpg\" class=\"attachment-full size-full wp-image-1808\" alt=\"Fibres de diff\u00e9rentes laines feutr\u00e9es\" srcset=\"https:\/\/tinabcreation.com\/wp-content\/uploads\/2023\/02\/4.jpg 2048w, https:\/\/tinabcreation.com\/wp-content\/uploads\/2023\/02\/4-600x300.jpg 600w, https:\/\/tinabcreation.com\/wp-content\/uploads\/2023\/02\/4-300x150.jpg 300w, https:\/\/tinabcreation.com\/wp-content\/uploads\/2023\/02\/4-1024x512.jpg 1024w, https:\/\/tinabcreation.com\/wp-content\/uploads\/2023\/02\/4-768x384.jpg 768w, https:\/\/tinabcreation.com\/wp-content\/uploads\/2023\/02\/4-1536x768.jpg 1536w\" sizes=\"(max-width: 2048px) 100vw, 2048px\" \/>\t\t\t\t\t\t\t\t\t\t\t\t\t<\/div>\n\t\t\t\t<\/div>\n\t\t\t\t\t<\/div>\n\t\t<\/div>\n\t\t\t\t\t<\/div>\n\t\t<\/section>\n\t\t\t\t<section class=\"elementor-section elementor-top-section elementor-element elementor-element-1e12fca elementor-section-boxed elementor-section-height-default elementor-section-height-default\" data-id=\"1e12fca\" data-element_type=\"section\">\n\t\t\t\t\t\t<div class=\"elementor-container elementor-column-gap-default\">\n\t\t\t\t\t<div class=\"elementor-column elementor-col-100 elementor-top-column elementor-element elementor-element-938b7da\" data-id=\"938b7da\" data-element_type=\"column\">\n\t\t\t<div class=\"elementor-widget-wrap elementor-element-populated\">\n\t\t\t\t\t\t<div class=\"elementor-element elementor-element-a2ef57d elementor-widget elementor-widget-heading\" data-id=\"a2ef57d\" data-element_type=\"widget\" data-widget_type=\"heading.default\">\n\t\t\t\t<div class=\"elementor-widget-container\">\n\t\t\t<h2 class=\"elementor-heading-title elementor-size-default\">Traitement de fibres organiques<\/h2>\t\t<\/div>\n\t\t\t\t<\/div>\n\t\t\t\t\t<\/div>\n\t\t<\/div>\n\t\t\t\t\t<\/div>\n\t\t<\/section>\n\t\t\t\t<section class=\"elementor-section elementor-top-section elementor-element elementor-element-6121782 elementor-section-boxed elementor-section-height-default elementor-section-height-default\" data-id=\"6121782\" data-element_type=\"section\">\n\t\t\t\t\t\t<div class=\"elementor-container elementor-column-gap-default\">\n\t\t\t\t\t<div class=\"elementor-column elementor-col-100 elementor-top-column elementor-element elementor-element-a98a4b1\" data-id=\"a98a4b1\" data-element_type=\"column\">\n\t\t\t<div class=\"elementor-widget-wrap elementor-element-populated\">\n\t\t\t\t\t\t<div class=\"elementor-element elementor-element-8f674e4 elementor-absolute elementor-widget elementor-widget-heading\" data-id=\"8f674e4\" data-element_type=\"widget\" data-settings=\"{&quot;_position&quot;:&quot;absolute&quot;}\" data-widget_type=\"heading.default\">\n\t\t\t\t<div class=\"elementor-widget-container\">\n\t\t\t<h2 class=\"elementor-heading-title elementor-size-default\">Comment j'entretiens mes textiles en feutre et en soie ?<\/h2>\t\t<\/div>\n\t\t\t\t<\/div>\n\t\t\t\t<div class=\"elementor-element elementor-element-51dc39c elementor-widget elementor-widget-text-editor\" data-id=\"51dc39c\" data-element_type=\"widget\" data-widget_type=\"text-editor.default\">\n\t\t\t\t<div class=\"elementor-widget-container\">\n\t\t\t\t\t\t\t<p><span style=\"color: var( --e-global-color-text );\">Les textiles feutr\u00e9s-main sont d\u2019origine de fibres de laine, de soie et d\u2019autres fibres naturelles et organiques, sont alors fragiles. Ils sont par ailleurs \u00e0 traiter \u00e0 froid jusqu\u2019\u00e0 maximum 30 degr\u00e9s et \u00e0 la main.<\/span><\/p><p><u>ATTENTION\u00a0:<\/u><\/p><p>&#8211; Ne pas utiliser la machine \u00e0 laver, tout doit \u00eatre lav\u00e9 \u00e0 la main.<\/p><p>&#8211; La temp\u00e9rature de l&#8217;eau ne doit pas d\u00e9passer les 30 \u00b0.<\/p><p>&#8211; Ne s\u00e9chez pas votre textile en non-tiss\u00e9 proche d&#8217;une source de chaleur ni au plein soleil. Il pourrait r\u00e9tr\u00e9cir ou changer de couleur.<\/p><p>Enfin, ne frottez pas votre textile en feutre. Il est bact\u00e9ricide et ne se salit pas facilement en profondeur. Il suffit de le laissez quelques instants dans l&#8217;eau peu savonneuse.<\/p><p>Ensuite, trempez d\u00e9licatement le v\u00eatement dans l\u2019eau peu savonneuse (un peu de shampoing pour laine), Il suffit un l\u00e9ger appui avec les mains plates.<\/p><p>Maintenant, rincez-d\u00e9licatement la pi\u00e8ce dans l\u2019eau claire et ensuite une deuxi\u00e8me fois avec 30% \u00e0 50% de vinaigre blanc. Le vinaigre blanc est un acide d&#8217;un ph \u00e0 2, correspond alors au ph d&#8217;un citron. Le savon est principalement un m\u00e9lange entre une base forte (potasse ou soude) et un corps gras. Donc son ph est basique entre 9.5 et 11.5. Le vinaigre sert alors de <a href=\"https:\/\/www.google.com\/search?q=R%C3%A9action+de+neutralisation&amp;rlz=1C1CHBF_frFR932FR932&amp;oq=R%C3%A9action+de+neutralisation&amp;aqs=chrome..69i57j0i512l4j0i22i30j0i22i30i625j0i22i30l3.8048j1j15&amp;sourceid=chrome&amp;ie=UTF-8\">neutraliser les restes du savon<\/a> qui se trouvent encore dans le feutre. Cela vous permets de garder vos jolis produits en feutre toute une longue vie.<\/p><p>\u00a0<\/p>\t\t\t\t\t\t<\/div>\n\t\t\t\t<\/div>\n\t\t\t\t<div class=\"elementor-element elementor-element-c343454 elementor-widget elementor-widget-heading\" data-id=\"c343454\" data-element_type=\"widget\" data-widget_type=\"heading.default\">\n\t\t\t\t<div class=\"elementor-widget-container\">\n\t\t\t<h2 class=\"elementor-heading-title elementor-size-default\">Essorage et s\u00e9chage<\/h2>\t\t<\/div>\n\t\t\t\t<\/div>\n\t\t\t\t<div class=\"elementor-element elementor-element-420bc0b elementor-widget elementor-widget-text-editor\" data-id=\"420bc0b\" data-element_type=\"widget\" data-widget_type=\"text-editor.default\">\n\t\t\t\t<div class=\"elementor-widget-container\">\n\t\t\t\t\t\t\t<p>Essorez l\u00e9g\u00e8rement et enveloppez la pi\u00e8ce encore mouill\u00e9e dans une serviette et \u00e9liminez les derni\u00e8res gouttes d\u2019eau en appuyant doucement sur le paquet.<\/p><p>\u00a0Ensuite Enlevez le v\u00eatement de la serviette et s\u00e9chez-le loin d\u2019une source de chaleur \u00e0 plat. Le chapeau, pour conserver la mise en forme, ne le posez jamais \u00e0 plat sur une surface. Posez-le sur une forme \u00e0 chapeau ou dans une boite \u00e0 chapeau.<\/p><p>Les Chapeaux sont finalement \u00e0 nettoyer \u00e0 sec ou \u00e0 rendre chez la feutri\u00e8re ou chez le chapelier pour les remettre en forme. C\u2019est un service apr\u00e8s-vente peu couteux mais de qualit\u00e9. (15 \u00e0 30 \u20ac\/pi\u00e8ce)<\/p><p><a href=\"https:\/\/www.facebook.com\/tinab.creation\"><strong>\u00ab\u00a0Tina B. Creation\u00a0\u00bb 06 63 26 23 85<\/strong><\/a><\/p>\t\t\t\t\t\t<\/div>\n\t\t\t\t<\/div>\n\t\t\t\t<div class=\"elementor-element elementor-element-e8aff7e elementor-widget elementor-widget-heading\" data-id=\"e8aff7e\" data-element_type=\"widget\" data-widget_type=\"heading.default\">\n\t\t\t\t<div class=\"elementor-widget-container\">\n\t\t\t<h2 class=\"elementor-heading-title elementor-size-default\">Entretien du feutre<\/h2>\t\t<\/div>\n\t\t\t\t<\/div>\n\t\t\t\t<div class=\"elementor-element elementor-element-a34ae04 elementor-widget elementor-widget-image\" data-id=\"a34ae04\" data-element_type=\"widget\" data-widget_type=\"image.default\">\n\t\t\t\t<div class=\"elementor-widget-container\">\n\t\t\t\t\t\t\t\t\t\t\t\t\t<img decoding=\"async\" width=\"300\" height=\"300\" src=\"https:\/\/tinabcreation.com\/wp-content\/uploads\/2023\/01\/IMG-20210504-WA0016-300x300.jpg\" class=\"attachment-medium size-medium wp-image-254\" alt=\"Entretien d&#039;un Chapeau en feutre-nuno\" srcset=\"https:\/\/tinabcreation.com\/wp-content\/uploads\/2023\/01\/IMG-20210504-WA0016-300x300.jpg 300w, https:\/\/tinabcreation.com\/wp-content\/uploads\/2023\/01\/IMG-20210504-WA0016-100x100.jpg 100w, https:\/\/tinabcreation.com\/wp-content\/uploads\/2023\/01\/IMG-20210504-WA0016-600x600.jpg 600w, https:\/\/tinabcreation.com\/wp-content\/uploads\/2023\/01\/IMG-20210504-WA0016-1024x1024.jpg 1024w, https:\/\/tinabcreation.com\/wp-content\/uploads\/2023\/01\/IMG-20210504-WA0016-150x150.jpg 150w, https:\/\/tinabcreation.com\/wp-content\/uploads\/2023\/01\/IMG-20210504-WA0016-768x768.jpg 768w, https:\/\/tinabcreation.com\/wp-content\/uploads\/2023\/01\/IMG-20210504-WA0016-1536x1536.jpg 1536w, https:\/\/tinabcreation.com\/wp-content\/uploads\/2023\/01\/IMG-20210504-WA0016.jpg 1600w\" sizes=\"(max-width: 300px) 100vw, 300px\" \/>\t\t\t\t\t\t\t\t\t\t\t\t\t<\/div>\n\t\t\t\t<\/div>\n\t\t\t\t<div class=\"elementor-element elementor-element-4eba277 elementor-widget elementor-widget-spacer\" data-id=\"4eba277\" data-element_type=\"widget\" data-widget_type=\"spacer.default\">\n\t\t\t\t<div class=\"elementor-widget-container\">\n\t\t\t\t\t<div class=\"elementor-spacer\">\n\t\t\t<div class=\"elementor-spacer-inner\"><\/div>\n\t\t<\/div>\n\t\t\t\t<\/div>\n\t\t\t\t<\/div>\n\t\t\t\t\t<\/div>\n\t\t<\/div>\n\t\t\t\t\t<\/div>\n\t\t<\/section>\n\t\t\t\t<section class=\"elementor-section elementor-top-section elementor-element elementor-element-44b35ab elementor-section-boxed elementor-section-height-default elementor-section-height-default\" data-id=\"44b35ab\" data-element_type=\"section\">\n\t\t\t\t\t\t<div class=\"elementor-container elementor-column-gap-default\">\n\t\t\t\t\t<div class=\"elementor-column elementor-col-100 elementor-top-column elementor-element elementor-element-2499b2e\" data-id=\"2499b2e\" data-element_type=\"column\">\n\t\t\t<div class=\"elementor-widget-wrap elementor-element-populated\">\n\t\t\t\t\t\t<div class=\"elementor-element elementor-element-ff1c9c8 elementor-widget elementor-widget-text-editor\" data-id=\"ff1c9c8\" data-element_type=\"widget\" data-widget_type=\"text-editor.default\">\n\t\t\t\t<div class=\"elementor-widget-container\">\n\t\t\t\t\t\t\t<p style=\"text-align: center;\">Un chapeau en feutre s&#8217;appelait dans le temps tout simplement un &#8220;Feutre&#8221;\u00a0<\/p><p style=\"text-align: center;\">Les chapeaux en feutre artisanal doivent \u00eatre nettoy\u00e9s par un <a href=\"https:\/\/www.google.com\/search?q=Pressing%20Hy%C3%A8res&amp;rlz=1C1CHBF_frFR932FR932&amp;oq=Pressing+Hy%C3%A8res&amp;aqs=chrome..69i57j0i512j0i22i30l5j0i22i30i625.4947j0j7&amp;sourceid=chrome&amp;ie=UTF-8&amp;tbs=lf:1,lf_ui:14&amp;tbm=lcl&amp;sxsrf=AJOqlzURa_Min31S9cRJp3X5EaBHGLzF0w:1678048067368&amp;rflfq=1&amp;num=10&amp;rldimm=4906824840082363240&amp;lqi=ChBQcmVzc2luZyBIecOocmVzSLWK_6LmgICACFogEAAQARgAGAEiEHByZXNzaW5nIGh5w6hyZXMqBAgDEACSAQtkcnlfY2xlYW5lcpoBI0NoWkRTVWhOTUc5blMwVkpRMEZuU1VOcE1rcHhUbU4zRUFFqgEyEAEaIBABIhy0vYsLR4kHTouXs0LrBeVXuHeKVQ9CWPkLVeQlKgwiCHByZXNzaW5nKAQ&amp;ved=2ahUKEwizv-KX0MX9AhUQZaQEHTRgD2sQvS56BAgMEAE&amp;sa=X&amp;rlst=f#lpc=lpc&amp;prid=-3583124515749570777&amp;rlfi=hd:;si:4906824840082363240,l,ChBQcmVzc2luZyBIecOocmVzSLWK_6LmgICACFogEAAQARgAGAEiEHByZXNzaW5nIGh5w6hyZXMqBAgDEACSAQtkcnlfY2xlYW5lcpoBI0NoWkRTVWhOTUc5blMwVkpRMEZuU1VOcE1rcHhUbU4zRUFFqgEyEAEaIBABIhy0vYsLR4kHTouXs0LrBeVXuHeKVQ9CWPkLVeQlKgwiCHByZXNzaW5nKAQ;mv:[[43.1447614,6.166755200000001],[43.0785578,6.0029922]];tbs:lrf:!1m4!1u3!2m2!3m1!1e1!1m4!1u2!2m2!2m1!1e1!2m1!1e2!2m1!1e3!3sIAE,lf:1,lf_ui:14\">professionnel du nettoyage\/pressing.<\/a><\/p><p style=\"text-align: center;\">Si vous avez achet\u00e9 votre chapeau chez moi,\u00a0 Tina B Creation, je prendrai aussi en charge l&#8217;entretien de ces pi\u00e8ce.<\/p><p style=\"text-align: center;\">1 entretien d&#8217;un chapeau = 19\u20ac par couvre-chef<\/p>\t\t\t\t\t\t<\/div>\n\t\t\t\t<\/div>\n\t\t\t\t<div class=\"elementor-element elementor-element-0e28f8a elementor-widget elementor-widget-spacer\" data-id=\"0e28f8a\" data-element_type=\"widget\" data-widget_type=\"spacer.default\">\n\t\t\t\t<div class=\"elementor-widget-container\">\n\t\t\t\t\t<div class=\"elementor-spacer\">\n\t\t\t<div class=\"elementor-spacer-inner\"><\/div>\n\t\t<\/div>\n\t\t\t\t<\/div>\n\t\t\t\t<\/div>\n\t\t\t\t\t<\/div>\n\t\t<\/div>\n\t\t\t\t\t<\/div>\n\t\t<\/section>\n\t\t\t\t<section class=\"elementor-section elementor-top-section elementor-element elementor-element-a9de0ea elementor-section-boxed elementor-section-height-default elementor-section-height-default\" data-id=\"a9de0ea\" data-element_type=\"section\">\n\t\t\t\t\t\t<div class=\"elementor-container elementor-column-gap-default\">\n\t\t\t\t\t<div class=\"elementor-column elementor-col-100 elementor-top-column elementor-element elementor-element-c99794b\" data-id=\"c99794b\" data-element_type=\"column\">\n\t\t\t<div class=\"elementor-widget-wrap elementor-element-populated\">\n\t\t\t\t\t\t<div class=\"elementor-element elementor-element-e3024a5 elementor-widget elementor-widget-image\" data-id=\"e3024a5\" data-element_type=\"widget\" data-widget_type=\"image.default\">\n\t\t\t\t<div class=\"elementor-widget-container\">\n\t\t\t\t\t\t\t\t\t\t\t\t\t<img decoding=\"async\" width=\"153\" height=\"121\" src=\"https:\/\/tinabcreation.com\/wp-content\/uploads\/2023\/01\/thumbnail_877B171623D049E0BCBC6ABF41F260CA.png\" class=\"attachment-large size-large wp-image-88\" alt=\"Signe pour les artisans d&#039;art\" \/>\t\t\t\t\t\t\t\t\t\t\t\t\t<\/div>\n\t\t\t\t<\/div>\n\t\t\t\t\t<\/div>\n\t\t<\/div>\n\t\t\t\t\t<\/div>\n\t\t<\/section>\n\t\t\t\t<section class=\"elementor-section elementor-top-section elementor-element elementor-element-609a974 elementor-section-boxed elementor-section-height-default elementor-section-height-default\" data-id=\"609a974\" data-element_type=\"section\">\n\t\t\t\t\t\t<div class=\"elementor-container elementor-column-gap-default\">\n\t\t\t\t\t<div class=\"elementor-column elementor-col-100 elementor-top-column elementor-element elementor-element-f39de93\" data-id=\"f39de93\" data-element_type=\"column\">\n\t\t\t<div class=\"elementor-widget-wrap elementor-element-populated\">\n\t\t\t\t\t\t<div class=\"elementor-element elementor-element-cee2ef6 elementor-shape-rounded elementor-grid-0 e-grid-align-center elementor-invisible elementor-widget elementor-widget-social-icons\" data-id=\"cee2ef6\" data-element_type=\"widget\" data-settings=\"{&quot;_animation&quot;:&quot;zoomIn&quot;}\" data-widget_type=\"social-icons.default\">\n\t\t\t\t<div class=\"elementor-widget-container\">\n\t\t\t\t\t<div class=\"elementor-social-icons-wrapper elementor-grid\">\n\t\t\t\t\t\t\t<span class=\"elementor-grid-item\">\n\t\t\t\t\t<a class=\"elementor-icon elementor-social-icon elementor-social-icon-facebook elementor-repeater-item-08c1008\" href=\"https:\/\/www.facebook.com\/tinab.creation\/\" target=\"_blank\">\n\t\t\t\t\t\t<span class=\"elementor-screen-only\">Facebook<\/span>\n\t\t\t\t\t\t<i class=\"fab fa-facebook\"><\/i>\t\t\t\t\t<\/a>\n\t\t\t\t<\/span>\n\t\t\t\t\t\t\t<span class=\"elementor-grid-item\">\n\t\t\t\t\t<a class=\"elementor-icon elementor-social-icon elementor-social-icon-twitter elementor-repeater-item-1b13beb\" href=\"https:\/\/twitter.com\/tina_creation\" target=\"_blank\">\n\t\t\t\t\t\t<span class=\"elementor-screen-only\">Twitter<\/span>\n\t\t\t\t\t\t<i class=\"fab fa-twitter\"><\/i>\t\t\t\t\t<\/a>\n\t\t\t\t<\/span>\n\t\t\t\t\t\t\t<span class=\"elementor-grid-item\">\n\t\t\t\t\t<a class=\"elementor-icon elementor-social-icon elementor-social-icon-linkedin elementor-repeater-item-adfae20\" target=\"_blank\">\n\t\t\t\t\t\t<span class=\"elementor-screen-only\">Linkedin<\/span>\n\t\t\t\t\t\t<i class=\"fab fa-linkedin\"><\/i>\t\t\t\t\t<\/a>\n\t\t\t\t<\/span>\n\t\t\t\t\t\t\t<span class=\"elementor-grid-item\">\n\t\t\t\t\t<a class=\"elementor-icon elementor-social-icon elementor-social-icon-instagram elementor-repeater-item-35dab43\" href=\"https:\/\/www.instagram.com\/tina_b_creation\/\" target=\"_blank\">\n\t\t\t\t\t\t<span class=\"elementor-screen-only\">Instagram<\/span>\n\t\t\t\t\t\t<i class=\"fab fa-instagram\"><\/i>\t\t\t\t\t<\/a>\n\t\t\t\t<\/span>\n\t\t\t\t\t\t\t<span class=\"elementor-grid-item\">\n\t\t\t\t\t<a class=\"elementor-icon elementor-social-icon elementor-social-icon-pinterest elementor-repeater-item-98f76b5\" href=\"https:\/\/www.pinterest.fr\/tinabcreation\/\" target=\"_blank\">\n\t\t\t\t\t\t<span class=\"elementor-screen-only\">Pinterest<\/span>\n\t\t\t\t\t\t<i class=\"fab fa-pinterest\"><\/i>\t\t\t\t\t<\/a>\n\t\t\t\t<\/span>\n\t\t\t\t\t<\/div>\n\t\t\t\t<\/div>\n\t\t\t\t<\/div>\n\t\t\t\t\t<\/div>\n\t\t<\/div>\n\t\t\t\t\t<\/div>\n\t\t<\/section>\n\t\t\t\t<\/div>\n\t\t","protected":false},"excerpt":{"rendered":"<p>Traitement de fibres organiques Comment j&#8217;entretiens mes textiles en feutre et en soie ? Les textiles feutr\u00e9s-main sont d\u2019origine de fibres de laine, de soie et d\u2019autres fibres naturelles et organiques, sont alors fragiles. Ils sont par ailleurs \u00e0 traiter \u00e0 froid jusqu\u2019\u00e0 maximum 30 degr\u00e9s et \u00e0 la main. ATTENTION&nbsp;: &#8211; Ne pas utiliser [&hellip;]<\/p>\n","protected":false},"author":1,"featured_media":0,"parent":0,"menu_order":0,"comment_status":"closed","ping_status":"closed","template":"","meta":{"footnotes":""},"class_list":["post-713","page","type-page","status-publish","hentry"],"yoast_head":"<!-- This site is optimized with the Yoast SEO plugin v20.1 - https:\/\/yoast.com\/wordpress\/plugins\/seo\/ -->\n<title>Entretien du feutre - Tina B Creation<\/title>\n<meta name=\"description\" content=\"Entretien du feutre est une page qui vous d\u00e9crit le traitement correcte des produit en feutre et en feutre-nuno.\" \/>\n<meta name=\"robots\" content=\"index, follow, max-snippet:-1, max-image-preview:large, max-video-preview:-1\" \/>\n<link rel=\"canonical\" href=\"https:\/\/tinabcreation.com\/index.php\/entretien-du-feutre\/\" \/>\n<meta property=\"og:locale\" content=\"en_US\" \/>\n<meta property=\"og:type\" content=\"article\" \/>\n<meta property=\"og:title\" content=\"Entretien du feutre - Tina B Creation\" \/>\n<meta property=\"og:description\" content=\"Entretien du feutre est une page qui vous d\u00e9crit le traitement correcte des produit en feutre et en feutre-nuno.\" \/>\n<meta property=\"og:url\" content=\"https:\/\/tinabcreation.com\/index.php\/entretien-du-feutre\/\" \/>\n<meta property=\"og:site_name\" content=\"Tina B Creation\" \/>\n<meta property=\"article:publisher\" content=\"https:\/\/www.facebook.com\/tinab.creation\/yoast\" \/>\n<meta property=\"article:modified_time\" content=\"2023-03-05T20:52:14+00:00\" \/>\n<meta property=\"og:image\" content=\"https:\/\/tinabcreation.com\/wp-content\/uploads\/2023\/02\/4.jpg\" \/>\n<meta name=\"twitter:card\" content=\"summary_large_image\" \/>\n<meta name=\"twitter:label1\" content=\"Est. reading time\" \/>\n\t<meta name=\"twitter:data1\" content=\"3 minutes\" \/>\n<script type=\"application\/ld+json\" class=\"yoast-schema-graph\">{\"@context\":\"https:\/\/schema.org\",\"@graph\":[{\"@type\":\"WebPage\",\"@id\":\"https:\/\/tinabcreation.com\/index.php\/entretien-du-feutre\/\",\"url\":\"https:\/\/tinabcreation.com\/index.php\/entretien-du-feutre\/\",\"name\":\"Entretien du feutre - Tina B Creation\",\"isPartOf\":{\"@id\":\"https:\/\/tinabcreation.com\/#website\"},\"datePublished\":\"2023-02-02T19:13:08+00:00\",\"dateModified\":\"2023-03-05T20:52:14+00:00\",\"description\":\"Entretien du feutre est une page qui vous d\u00e9crit le traitement correcte des produit en feutre et en feutre-nuno.\",\"breadcrumb\":{\"@id\":\"https:\/\/tinabcreation.com\/index.php\/entretien-du-feutre\/#breadcrumb\"},\"inLanguage\":\"en-US\",\"potentialAction\":[{\"@type\":\"ReadAction\",\"target\":[\"https:\/\/tinabcreation.com\/index.php\/entretien-du-feutre\/\"]}]},{\"@type\":\"BreadcrumbList\",\"@id\":\"https:\/\/tinabcreation.com\/index.php\/entretien-du-feutre\/#breadcrumb\",\"itemListElement\":[{\"@type\":\"ListItem\",\"position\":1,\"name\":\"Accueil\",\"item\":\"https:\/\/tinabcreation.com\/\"},{\"@type\":\"ListItem\",\"position\":2,\"name\":\"Entretien du feutre\"}]},{\"@type\":\"WebSite\",\"@id\":\"https:\/\/tinabcreation.com\/#website\",\"url\":\"https:\/\/tinabcreation.com\/\",\"name\":\"Tina B Creation\",\"description\":\"&quot;La douceur est la pl\u00e9nitude de la force.&quot;\",\"publisher\":{\"@id\":\"https:\/\/tinabcreation.com\/#organization\"},\"potentialAction\":[{\"@type\":\"SearchAction\",\"target\":{\"@type\":\"EntryPoint\",\"urlTemplate\":\"https:\/\/tinabcreation.com\/?s={search_term_string}\"},\"query-input\":\"required name=search_term_string\"}],\"inLanguage\":\"en-US\"},{\"@type\":\"Organization\",\"@id\":\"https:\/\/tinabcreation.com\/#organization\",\"name\":\"Tina B Creation\",\"url\":\"https:\/\/tinabcreation.com\/\",\"logo\":{\"@type\":\"ImageObject\",\"inLanguage\":\"en-US\",\"@id\":\"https:\/\/tinabcreation.com\/#\/schema\/logo\/image\/\",\"url\":\"https:\/\/tinabcreation.com\/wp-content\/uploads\/2023\/01\/cropped-LOGO-1080-\u00d7-1080-px.jpg\",\"contentUrl\":\"https:\/\/tinabcreation.com\/wp-content\/uploads\/2023\/01\/cropped-LOGO-1080-\u00d7-1080-px.jpg\",\"width\":1080,\"height\":1080,\"caption\":\" Tina B Creation\"},\"image\":{\"@id\":\"https:\/\/tinabcreation.com\/#\/schema\/logo\/image\/\"},\"sameAs\":[\"https:\/\/www.facebook.com\/tinab.creation\/yoast\",\"https:\/\/www.linkedin.com\/in\/uchristinabaethge\/yoast\",\"https:\/\/www.pinterest.fr\/tinabcreation\/yoast\"]}]}<\/script>\n<!-- \/ Yoast SEO plugin. -->","yoast_head_json":{"title":"Entretien du feutre - Tina B Creation","description":"Entretien du feutre est une page qui vous d\u00e9crit le traitement correcte des produit en feutre et en feutre-nuno.","robots":{"index":"index","follow":"follow","max-snippet":"max-snippet:-1","max-image-preview":"max-image-preview:large","max-video-preview":"max-video-preview:-1"},"canonical":"https:\/\/tinabcreation.com\/index.php\/entretien-du-feutre\/","og_locale":"en_US","og_type":"article","og_title":"Entretien du feutre - Tina B Creation","og_description":"Entretien du feutre est une page qui vous d\u00e9crit le traitement correcte des produit en feutre et en feutre-nuno.","og_url":"https:\/\/tinabcreation.com\/index.php\/entretien-du-feutre\/","og_site_name":"Tina B Creation","article_publisher":"https:\/\/www.facebook.com\/tinab.creation\/yoast","article_modified_time":"2023-03-05T20:52:14+00:00","og_image":[{"url":"https:\/\/tinabcreation.com\/wp-content\/uploads\/2023\/02\/4.jpg"}],"twitter_card":"summary_large_image","twitter_misc":{"Est. reading time":"3 minutes"},"schema":{"@context":"https:\/\/schema.org","@graph":[{"@type":"WebPage","@id":"https:\/\/tinabcreation.com\/index.php\/entretien-du-feutre\/","url":"https:\/\/tinabcreation.com\/index.php\/entretien-du-feutre\/","name":"Entretien du feutre - Tina B Creation","isPartOf":{"@id":"https:\/\/tinabcreation.com\/#website"},"datePublished":"2023-02-02T19:13:08+00:00","dateModified":"2023-03-05T20:52:14+00:00","description":"Entretien du feutre est une page qui vous d\u00e9crit le traitement correcte des produit en feutre et en feutre-nuno.","breadcrumb":{"@id":"https:\/\/tinabcreation.com\/index.php\/entretien-du-feutre\/#breadcrumb"},"inLanguage":"en-US","potentialAction":[{"@type":"ReadAction","target":["https:\/\/tinabcreation.com\/index.php\/entretien-du-feutre\/"]}]},{"@type":"BreadcrumbList","@id":"https:\/\/tinabcreation.com\/index.php\/entretien-du-feutre\/#breadcrumb","itemListElement":[{"@type":"ListItem","position":1,"name":"Accueil","item":"https:\/\/tinabcreation.com\/"},{"@type":"ListItem","position":2,"name":"Entretien du feutre"}]},{"@type":"WebSite","@id":"https:\/\/tinabcreation.com\/#website","url":"https:\/\/tinabcreation.com\/","name":"Tina B Creation","description":"&quot;La douceur est la pl\u00e9nitude de la force.&quot;","publisher":{"@id":"https:\/\/tinabcreation.com\/#organization"},"potentialAction":[{"@type":"SearchAction","target":{"@type":"EntryPoint","urlTemplate":"https:\/\/tinabcreation.com\/?s={search_term_string}"},"query-input":"required name=search_term_string"}],"inLanguage":"en-US"},{"@type":"Organization","@id":"https:\/\/tinabcreation.com\/#organization","name":"Tina B Creation","url":"https:\/\/tinabcreation.com\/","logo":{"@type":"ImageObject","inLanguage":"en-US","@id":"https:\/\/tinabcreation.com\/#\/schema\/logo\/image\/","url":"https:\/\/tinabcreation.com\/wp-content\/uploads\/2023\/01\/cropped-LOGO-1080-\u00d7-1080-px.jpg","contentUrl":"https:\/\/tinabcreation.com\/wp-content\/uploads\/2023\/01\/cropped-LOGO-1080-\u00d7-1080-px.jpg","width":1080,"height":1080,"caption":" Tina B Creation"},"image":{"@id":"https:\/\/tinabcreation.com\/#\/schema\/logo\/image\/"},"sameAs":["https:\/\/www.facebook.com\/tinab.creation\/yoast","https:\/\/www.linkedin.com\/in\/uchristinabaethge\/yoast","https:\/\/www.pinterest.fr\/tinabcreation\/yoast"]}]}},"_links":{"self":[{"href":"https:\/\/tinabcreation.com\/index.php\/wp-json\/wp\/v2\/pages\/713","targetHints":{"allow":["GET"]}}],"collection":[{"href":"https:\/\/tinabcreation.com\/index.php\/wp-json\/wp\/v2\/pages"}],"about":[{"href":"https:\/\/tinabcreation.com\/index.php\/wp-json\/wp\/v2\/types\/page"}],"author":[{"embeddable":true,"href":"https:\/\/tinabcreation.com\/index.php\/wp-json\/wp\/v2\/users\/1"}],"replies":[{"embeddable":true,"href":"https:\/\/tinabcreation.com\/index.php\/wp-json\/wp\/v2\/comments?post=713"}],"version-history":[{"count":133,"href":"https:\/\/tinabcreation.com\/index.php\/wp-json\/wp\/v2\/pages\/713\/revisions"}],"predecessor-version":[{"id":2442,"href":"https:\/\/tinabcreation.com\/index.php\/wp-json\/wp\/v2\/pages\/713\/revisions\/2442"}],"wp:attachment":[{"href":"https:\/\/tinabcreation.com\/index.php\/wp-json\/wp\/v2\/media?parent=713"}],"curies":[{"name":"wp","href":"https:\/\/api.w.org\/{rel}","templated":true}]}}