{"id":1377,"date":"2023-02-13T23:35:18","date_gmt":"2023-02-13T22:35:18","guid":{"rendered":"https:\/\/tinabcreation.com\/?page_id=1377"},"modified":"2023-03-06T22:09:30","modified_gmt":"2023-03-06T21:09:30","slug":"reparations","status":"publish","type":"page","link":"https:\/\/tinabcreation.com\/index.php\/reparations\/","title":{"rendered":"R\u00e9parations"},"content":{"rendered":"\t\t<div data-elementor-type=\"wp-page\" data-elementor-id=\"1377\" class=\"elementor elementor-1377\">\n\t\t\t\t\t\t<section class=\"elementor-section elementor-top-section elementor-element elementor-element-08f1ed7 elementor-section-boxed elementor-section-height-default elementor-section-height-default\" data-id=\"08f1ed7\" data-element_type=\"section\">\n\t\t\t\t\t\t<div class=\"elementor-container elementor-column-gap-default\">\n\t\t\t\t\t<div class=\"elementor-column elementor-col-100 elementor-top-column elementor-element elementor-element-556ebf8\" data-id=\"556ebf8\" data-element_type=\"column\">\n\t\t\t<div class=\"elementor-widget-wrap\">\n\t\t\t\t\t\t\t<\/div>\n\t\t<\/div>\n\t\t\t\t\t<\/div>\n\t\t<\/section>\n\t\t\t\t<section class=\"elementor-section elementor-top-section elementor-element elementor-element-3c9083c elementor-section-boxed elementor-section-height-default elementor-section-height-default\" data-id=\"3c9083c\" data-element_type=\"section\">\n\t\t\t\t\t\t<div class=\"elementor-container elementor-column-gap-default\">\n\t\t\t\t\t<div class=\"elementor-column elementor-col-50 elementor-top-column elementor-element elementor-element-d7f41d5\" data-id=\"d7f41d5\" data-element_type=\"column\">\n\t\t\t<div class=\"elementor-widget-wrap elementor-element-populated\">\n\t\t\t\t\t\t<div class=\"elementor-element elementor-element-2df9de1 elementor-widget elementor-widget-heading\" data-id=\"2df9de1\" data-element_type=\"widget\" data-widget_type=\"heading.default\">\n\t\t\t\t<div class=\"elementor-widget-container\">\n\t\t\t<h2 class=\"elementor-heading-title elementor-size-default\">Vous n'aimez pas les mites\u2026 ?<\/h2>\t\t<\/div>\n\t\t\t\t<\/div>\n\t\t\t\t<div class=\"elementor-element elementor-element-6bd970d elementor-widget elementor-widget-image\" data-id=\"6bd970d\" data-element_type=\"widget\" data-widget_type=\"image.default\">\n\t\t\t\t<div class=\"elementor-widget-container\">\n\t\t\t\t\t\t\t\t\t\t\t\t\t<img decoding=\"async\" width=\"150\" height=\"133\" src=\"https:\/\/tinabcreation.com\/wp-content\/uploads\/2023\/03\/telechargement-1-150x133.jpg\" class=\"attachment-thumbnail size-thumbnail wp-image-2675\" alt=\"R\u00e9paration des d\u00e9g\u00e2ts des mites\" \/>\t\t\t\t\t\t\t\t\t\t\t\t\t<\/div>\n\t\t\t\t<\/div>\n\t\t\t\t\t<\/div>\n\t\t<\/div>\n\t\t\t\t<div class=\"elementor-column elementor-col-50 elementor-top-column elementor-element elementor-element-5a593d9\" data-id=\"5a593d9\" data-element_type=\"column\">\n\t\t\t<div class=\"elementor-widget-wrap elementor-element-populated\">\n\t\t\t\t\t\t<div class=\"elementor-element elementor-element-e33a12e elementor-widget elementor-widget-text-editor\" data-id=\"e33a12e\" data-element_type=\"widget\" data-widget_type=\"text-editor.default\">\n\t\t\t\t<div class=\"elementor-widget-container\">\n\t\t\t\t\t\t\t<p>Pas de souci:<\/p><p>Chez Tina B Creation, nous trouvons des solutions pour r\u00e9parer vos textiles sans couture.<\/p><p>Demandez un devis gratuit.<\/p><p>Sous condition d&#8217;avoir la m\u00eame teinte de votre textile, il est possible de combler les trous provoqu\u00e9s par ces petites b\u00eates avec des fibres naturelles.\u00a0<\/p><p>Mais, encore mieux: Achetez des carr\u00e9s de camphre en pharmacie. Ils sont tr\u00e8s efficaces contre les mites et pas tr\u00e8s couteux.<\/p><p>Toutes autres d\u00e9chirures seront examiner pour vous customiser ou r\u00e9parer vos textiles. C&#8217;est un geste \u00e9cologique<\/p><p>\u00a0<\/p>\t\t\t\t\t\t<\/div>\n\t\t\t\t<\/div>\n\t\t\t\t\t<\/div>\n\t\t<\/div>\n\t\t\t\t\t<\/div>\n\t\t<\/section>\n\t\t\t\t<\/div>\n\t\t","protected":false},"excerpt":{"rendered":"<p>Vous n&#8217;aimez pas les mites\u2026 ? Pas de souci: Chez Tina B Creation, nous trouvons des solutions pour r\u00e9parer vos textiles sans couture. Demandez un devis gratuit. Sous condition d&#8217;avoir la m\u00eame teinte de votre textile, il est possible de combler les trous provoqu\u00e9s par ces petites b\u00eates avec des fibres naturelles.\u00a0 Mais, encore mieux: [&hellip;]<\/p>\n","protected":false},"author":1,"featured_media":0,"parent":0,"menu_order":0,"comment_status":"closed","ping_status":"closed","template":"","meta":{"footnotes":""},"class_list":["post-1377","page","type-page","status-publish","hentry"],"yoast_head":"<!-- This site is optimized with the Yoast SEO plugin v20.1 - https:\/\/yoast.com\/wordpress\/plugins\/seo\/ -->\n<title>R\u00e9parations - Tina B Creation<\/title>\n<meta name=\"robots\" content=\"index, follow, max-snippet:-1, max-image-preview:large, max-video-preview:-1\" \/>\n<link rel=\"canonical\" href=\"https:\/\/tinabcreation.com\/index.php\/reparations\/\" \/>\n<meta property=\"og:locale\" content=\"en_US\" \/>\n<meta property=\"og:type\" content=\"article\" \/>\n<meta property=\"og:title\" content=\"R\u00e9parations - Tina B Creation\" \/>\n<meta property=\"og:description\" content=\"Vous n&#8217;aimez pas les mites\u2026 ? Pas de souci: Chez Tina B Creation, nous trouvons des solutions pour r\u00e9parer vos textiles sans couture. Demandez un devis gratuit. Sous condition d&#8217;avoir la m\u00eame teinte de votre textile, il est possible de combler les trous provoqu\u00e9s par ces petites b\u00eates avec des fibres naturelles.\u00a0 Mais, encore mieux: [&hellip;]\" \/>\n<meta property=\"og:url\" content=\"https:\/\/tinabcreation.com\/index.php\/reparations\/\" \/>\n<meta property=\"og:site_name\" content=\"Tina B Creation\" \/>\n<meta property=\"article:publisher\" content=\"https:\/\/www.facebook.com\/tinab.creation\/yoast\" \/>\n<meta property=\"article:modified_time\" content=\"2023-03-06T21:09:30+00:00\" \/>\n<meta property=\"og:image\" content=\"https:\/\/tinabcreation.com\/wp-content\/uploads\/2023\/03\/telechargement-1-150x133.jpg\" \/>\n<meta name=\"twitter:card\" content=\"summary_large_image\" \/>\n<meta name=\"twitter:label1\" content=\"Est. reading time\" \/>\n\t<meta name=\"twitter:data1\" content=\"1 minute\" \/>\n<script type=\"application\/ld+json\" class=\"yoast-schema-graph\">{\"@context\":\"https:\/\/schema.org\",\"@graph\":[{\"@type\":\"WebPage\",\"@id\":\"https:\/\/tinabcreation.com\/index.php\/reparations\/\",\"url\":\"https:\/\/tinabcreation.com\/index.php\/reparations\/\",\"name\":\"R\u00e9parations - Tina B Creation\",\"isPartOf\":{\"@id\":\"https:\/\/tinabcreation.com\/#website\"},\"datePublished\":\"2023-02-13T22:35:18+00:00\",\"dateModified\":\"2023-03-06T21:09:30+00:00\",\"breadcrumb\":{\"@id\":\"https:\/\/tinabcreation.com\/index.php\/reparations\/#breadcrumb\"},\"inLanguage\":\"en-US\",\"potentialAction\":[{\"@type\":\"ReadAction\",\"target\":[\"https:\/\/tinabcreation.com\/index.php\/reparations\/\"]}]},{\"@type\":\"BreadcrumbList\",\"@id\":\"https:\/\/tinabcreation.com\/index.php\/reparations\/#breadcrumb\",\"itemListElement\":[{\"@type\":\"ListItem\",\"position\":1,\"name\":\"Accueil\",\"item\":\"https:\/\/tinabcreation.com\/\"},{\"@type\":\"ListItem\",\"position\":2,\"name\":\"R\u00e9parations\"}]},{\"@type\":\"WebSite\",\"@id\":\"https:\/\/tinabcreation.com\/#website\",\"url\":\"https:\/\/tinabcreation.com\/\",\"name\":\"Tina B Creation\",\"description\":\"&quot;La douceur est la pl\u00e9nitude de la force.&quot;\",\"publisher\":{\"@id\":\"https:\/\/tinabcreation.com\/#organization\"},\"potentialAction\":[{\"@type\":\"SearchAction\",\"target\":{\"@type\":\"EntryPoint\",\"urlTemplate\":\"https:\/\/tinabcreation.com\/?s={search_term_string}\"},\"query-input\":\"required name=search_term_string\"}],\"inLanguage\":\"en-US\"},{\"@type\":\"Organization\",\"@id\":\"https:\/\/tinabcreation.com\/#organization\",\"name\":\"Tina B Creation\",\"url\":\"https:\/\/tinabcreation.com\/\",\"logo\":{\"@type\":\"ImageObject\",\"inLanguage\":\"en-US\",\"@id\":\"https:\/\/tinabcreation.com\/#\/schema\/logo\/image\/\",\"url\":\"https:\/\/tinabcreation.com\/wp-content\/uploads\/2023\/01\/cropped-LOGO-1080-\u00d7-1080-px.jpg\",\"contentUrl\":\"https:\/\/tinabcreation.com\/wp-content\/uploads\/2023\/01\/cropped-LOGO-1080-\u00d7-1080-px.jpg\",\"width\":1080,\"height\":1080,\"caption\":\" Tina B Creation\"},\"image\":{\"@id\":\"https:\/\/tinabcreation.com\/#\/schema\/logo\/image\/\"},\"sameAs\":[\"https:\/\/www.facebook.com\/tinab.creation\/yoast\",\"https:\/\/www.linkedin.com\/in\/uchristinabaethge\/yoast\",\"https:\/\/www.pinterest.fr\/tinabcreation\/yoast\"]}]}<\/script>\n<!-- \/ Yoast SEO plugin. -->","yoast_head_json":{"title":"R\u00e9parations - Tina B Creation","robots":{"index":"index","follow":"follow","max-snippet":"max-snippet:-1","max-image-preview":"max-image-preview:large","max-video-preview":"max-video-preview:-1"},"canonical":"https:\/\/tinabcreation.com\/index.php\/reparations\/","og_locale":"en_US","og_type":"article","og_title":"R\u00e9parations - Tina B Creation","og_description":"Vous n&#8217;aimez pas les mites\u2026 ? Pas de souci: Chez Tina B Creation, nous trouvons des solutions pour r\u00e9parer vos textiles sans couture. Demandez un devis gratuit. Sous condition d&#8217;avoir la m\u00eame teinte de votre textile, il est possible de combler les trous provoqu\u00e9s par ces petites b\u00eates avec des fibres naturelles.\u00a0 Mais, encore mieux: [&hellip;]","og_url":"https:\/\/tinabcreation.com\/index.php\/reparations\/","og_site_name":"Tina B Creation","article_publisher":"https:\/\/www.facebook.com\/tinab.creation\/yoast","article_modified_time":"2023-03-06T21:09:30+00:00","og_image":[{"url":"https:\/\/tinabcreation.com\/wp-content\/uploads\/2023\/03\/telechargement-1-150x133.jpg"}],"twitter_card":"summary_large_image","twitter_misc":{"Est. reading time":"1 minute"},"schema":{"@context":"https:\/\/schema.org","@graph":[{"@type":"WebPage","@id":"https:\/\/tinabcreation.com\/index.php\/reparations\/","url":"https:\/\/tinabcreation.com\/index.php\/reparations\/","name":"R\u00e9parations - Tina B Creation","isPartOf":{"@id":"https:\/\/tinabcreation.com\/#website"},"datePublished":"2023-02-13T22:35:18+00:00","dateModified":"2023-03-06T21:09:30+00:00","breadcrumb":{"@id":"https:\/\/tinabcreation.com\/index.php\/reparations\/#breadcrumb"},"inLanguage":"en-US","potentialAction":[{"@type":"ReadAction","target":["https:\/\/tinabcreation.com\/index.php\/reparations\/"]}]},{"@type":"BreadcrumbList","@id":"https:\/\/tinabcreation.com\/index.php\/reparations\/#breadcrumb","itemListElement":[{"@type":"ListItem","position":1,"name":"Accueil","item":"https:\/\/tinabcreation.com\/"},{"@type":"ListItem","position":2,"name":"R\u00e9parations"}]},{"@type":"WebSite","@id":"https:\/\/tinabcreation.com\/#website","url":"https:\/\/tinabcreation.com\/","name":"Tina B Creation","description":"&quot;La douceur est la pl\u00e9nitude de la force.&quot;","publisher":{"@id":"https:\/\/tinabcreation.com\/#organization"},"potentialAction":[{"@type":"SearchAction","target":{"@type":"EntryPoint","urlTemplate":"https:\/\/tinabcreation.com\/?s={search_term_string}"},"query-input":"required name=search_term_string"}],"inLanguage":"en-US"},{"@type":"Organization","@id":"https:\/\/tinabcreation.com\/#organization","name":"Tina B Creation","url":"https:\/\/tinabcreation.com\/","logo":{"@type":"ImageObject","inLanguage":"en-US","@id":"https:\/\/tinabcreation.com\/#\/schema\/logo\/image\/","url":"https:\/\/tinabcreation.com\/wp-content\/uploads\/2023\/01\/cropped-LOGO-1080-\u00d7-1080-px.jpg","contentUrl":"https:\/\/tinabcreation.com\/wp-content\/uploads\/2023\/01\/cropped-LOGO-1080-\u00d7-1080-px.jpg","width":1080,"height":1080,"caption":" Tina B Creation"},"image":{"@id":"https:\/\/tinabcreation.com\/#\/schema\/logo\/image\/"},"sameAs":["https:\/\/www.facebook.com\/tinab.creation\/yoast","https:\/\/www.linkedin.com\/in\/uchristinabaethge\/yoast","https:\/\/www.pinterest.fr\/tinabcreation\/yoast"]}]}},"_links":{"self":[{"href":"https:\/\/tinabcreation.com\/index.php\/wp-json\/wp\/v2\/pages\/1377","targetHints":{"allow":["GET"]}}],"collection":[{"href":"https:\/\/tinabcreation.com\/index.php\/wp-json\/wp\/v2\/pages"}],"about":[{"href":"https:\/\/tinabcreation.com\/index.php\/wp-json\/wp\/v2\/types\/page"}],"author":[{"embeddable":true,"href":"https:\/\/tinabcreation.com\/index.php\/wp-json\/wp\/v2\/users\/1"}],"replies":[{"embeddable":true,"href":"https:\/\/tinabcreation.com\/index.php\/wp-json\/wp\/v2\/comments?post=1377"}],"version-history":[{"count":13,"href":"https:\/\/tinabcreation.com\/index.php\/wp-json\/wp\/v2\/pages\/1377\/revisions"}],"predecessor-version":[{"id":2688,"href":"https:\/\/tinabcreation.com\/index.php\/wp-json\/wp\/v2\/pages\/1377\/revisions\/2688"}],"wp:attachment":[{"href":"https:\/\/tinabcreation.com\/index.php\/wp-json\/wp\/v2\/media?parent=1377"}],"curies":[{"name":"wp","href":"https:\/\/api.w.org\/{rel}","templated":true}]}}